 = -47, 5*i + j = -j + 57. Suppose w*x + 6951 = i*x. Is x composite?
True
Let l = -2684 + 4255. Let m = l + -1013. Is (-2)/10 + m/15 prime?
True
Is -2*(-41788)/8 - -6 composite?
False
Let w(s) = -13*s**2 + 3*s - 10. Let a(o) = -o**2 + o - 1. Let z(j) = 3*a(j) - w(j). Is z(-11) a prime number?
True
Let o = -32 - -35. Suppose -3*c + c = -4*v + 3440, 2574 = 3*v - o*c. Is v a composite number?
True
Let b be 6/15 - (-13)/5. Suppose 0 = 2*s + 12 - 170. Suppose -b*t + 2*k + s = 0, 0 = t + t - 4*k - 58. Is t composite?
True
Let c(n) = n. Let v be c(4). Let z(q) be the second derivative of 4*q**3 - 9*q**2/2 + 17*q. Is z(v) a prime number?
False
Let k = 192 - 285. Let f = k + 1051. Is f/5 + 15/(-25) a prime number?
True
Let k(m) = 795*m**2 + 1. Suppose -b - 2*h = 3*b + 4, -5*h = -b - 1. Let c be k(b). Let j = c - 469. Is j composite?
True
Let f be 1*-13*(3 + 20). Let c = f + 535. Let w = 369 - c. Is w a prime number?
False
Let s(l) be the first derivative of -2767*l**2/2 - 24. Is s(-1) composite?
False
Let y(n) = -4*n**3 + 6*n**2 + 10*n + 7. Let i be (-36)/(-24)*(-8)/2. Is y(i) prime?
False
Let i(t) = -47*t - 3. Let z = 5 - 1. Let c be i(z). Let m = c - -300. Is m a composite number?
False
Suppose -2*l = 4*w - 6, 4 - 3 = -w + 2*l. Let a be (-6)/2 + -2 + w. Let i(y) = -2*y**3 - y**2 - 3*y - 6. Is i(a) a composite number?
True
Let s(w) be the first derivative of 13*w**3/3 + 5*w**2 - 13*w - 10. Let m be (1 + 7 + -2)*1. Is s(m) composite?
True
Is 6/14 - (-11 + (-4890744)/168) a prime number?
True
Let k be 10 - (4 - 4) - (-1)/1. Suppose k*z - 13831 = 4792. Is z a composite number?
False
Let i(t) = 31*t - 2. Let p = -27 + 14. Let k = p + 16. Is i(k) prime?
False
Let r(g) = 81*g + 95*g**2 + 23*g**2 - 86*g + 5. Is r(2) a composite number?
False
Suppose -20598 = -25*b + 70552. Is b a composite number?
True
Let z = 22458 + -9999. Is z composite?
True
Let r = -7 + 2. Suppose -4*w = 0, -b + 3*w = 6*w + 15. Is r/(b/(-6)) + 99 a composite number?
False
Let o be 3*(2 - (-1)/3). Let t = o - 7. Suppose d = -t*d + 62. Is d a composite number?
True
Let x = 2182 - 449. Is x prime?
True
Let z = -107 + 105. Is (-1 - -3)/z - (-25542)/11 composite?
True
Suppose 4*a = -0*a + 4*i + 32, -i = 2*a - 4. Suppose -5*h + 2*h = 15, -4*u = -a*h - 28. Is (-3 - 115)*(-1)/u a composite number?
False
Let i = -576 + 810. Let o = 95 + -76. Let a = i + o. Is a a prime number?
False
Let g = -258 + 926. Suppose 217 - g = -z. Is z composite?
True
Is 6467 - (-6)/8*(-72)/(-27) prime?
True
Let s = -60 + 220. Suppose 156*m + 632 = s*m. Is m composite?
True
Suppose 5*x + 2 - 17 = 0. Suppose 0 = -m + 2, -5*s + 3464 = x*m - 1197. Suppose -3*w - 1463 = -2*l - 526, -2*l - 3*w + s = 0. Is l prime?
True
Let x be 12/(-16)*-4 + 1. Let p = x + -1. Suppose -168 = -2*b + 2*l, 0*l = -5*b - p*l + 380. Is b a composite number?
False
Let h(i) = 19*i + 0*i**2 + 5*i**2 - 6*i**2 - 6*i - 16. Let g be h(11). Suppose 0 = -o + 7 + g. Is o a composite number?
False
Let l = 858 + -421. Is l a prime number?
False
Suppose 13*r - 3*r = 8770. Is r composite?
False
Let o(s) = -53*s**3 - 2*s**2 + 2*s + 1. Let f(v) = -v - v - v**2 - 2*v**2 + v. Let r be f(-1). Is o(r) prime?
False
Suppose 5*m - 1200 = 5*n, 2*n - 4 = 4*n. Let p = m + -83. Is p prime?
False
Let d(o) = 22*o - o**2 - 11 + 0 - 15*o + 1. Let v be d(4). Suppose z - 4 = 0, v*k - 2*z - 2*z = 298. Is k composite?
False
Let h(p) = p**2 + p + 1. Let z be ((-1)/3)/(1/(-6)). Let l be h(z). Is (-406)/l*(0 + -1) composite?
True
Let h = -31329 + 45100. Is h a prime number?
False
Suppose -11379 = 593*z - 596*z. Is z prime?
True
Let j(a) = -627*a - 11. Let s(d) = 313*d + 6. Let n(w) = -3*j(w) - 5*s(w). Is n(2) prime?
False
Suppose -220*s + 105553 = -203*s. Is s a prime number?
False
Suppose -2*n - 4*t - 4 = -0*n, -t = 3*n + 1. Suppose -3*g + 1738 = d - 1839, -2*g + 3*d + 2370 = n. Is g a prime number?
False
Let w(f) = 8*f**2 + 1277 - 4*f**2 + f**3 - 3*f**2 + f - 2*f**3. Is w(0) a prime number?
True
Let r be (-1 - (3 - 3))*-5. Let n(m) = 14*m + 29*m + 6*m + r. Is n(6) a composite number?
True
Let j = 1798 + 33963. Is j composite?
True
Let c(x) = 188*x**2 - 13*x + 3. Let r(g) = 187*g**2 - 12*g + 3. Let h(q) = -4*c(q) + 5*r(q). Is h(2) composite?
False
Let m(l) = -2*l - 18. Let g be m(-10). Is ((-3205)/(-10))/(g/4) prime?
True
Let c = 7855 + 138. Is c a prime number?
True
Suppose -2*b = -4*d - 7*b + 4799, -2*b + 6 = 0. Let v = d + -817. Is v composite?
False
Let p be (-2 - 3)/((-5)/2). Let k(t) = 1 - 3*t - 6*t**2 + p*t**3 - 9 - 5 - 1. Is k(11) composite?
False
Let j(g) = -2*g**3 - 5*g + 4. Let h be j(5). Let p = h + 472. Suppose -4*c + c = -p. Is c a composite number?
False
Suppose 0 = 153*u - 154*u + 4413. Is u a prime number?
False
Let r = 27 - 22. Suppose r*w - 236 = 1659. Is w a composite number?
False
Let l(x) = -10*x - 1 - 8 + 4 - 1. Let i be l(-7). Suppose 4*p - 7 = t - i, 2*t + p = 96. Is t prime?
False
Let h(w) be the first derivative of w**4/4 + 8*w**3/3 - 5*w**2 + 2. Let f be h(-9). Let n = f + -2. Is n a composite number?
False
Suppose -u + 23643 = q, -3*u + 4*q = -6*u + 70927. Is u a composite number?
True
Let l(h) = -h**3 - 10*h**2 - 15*h + 13. Let b be l(-8). Let w(z) = 5*z**3 + 5*z**2 + 9*z - 14. Is w(b) a prime number?
False
Let t(z) = 419*z + 1496*z + 581*z. Let i be t(1). Suppose -h - 2*v + 3*v + 622 = 0, -4*v + i = 4*h. Is h a prime number?
False
Suppose 3*b = i - 3759 + 27566, -b - 2*i + 7945 = 0. Is b a composite number?
False
Suppose 0 = 13*g + 4469 - 22162. Is g a prime number?
True
Suppose -62*j + 59*j = -22281. Is j a prime number?
False
Suppose 0 = 67*y - 54*y - 502073. Is y a prime number?
False
Let y be 31 + -1 + (3 - 1). Let h be 346/8 + (-8)/y. Is (-1)/(h/22 + -2) composite?
True
Let k(i) = -i**3 - 15*i**2 - 12*i + 26. Let f be k(-14). Is (f/(-4) + (-4)/24)*1023 a prime number?
False
Let t be (-2)/9 + 61/(-9). Let n(l) = -l - 3. Let w be n(t). Suppose w = -5*k + 24. Is k a prime number?
False
Let b(t) = -813*t + 163. Is b(-3) a composite number?
True
Suppose 6*o - 5 = 11*o. Let n be o*(-2)/(6/(-9)). Is (22*n)/(1 - 3) composite?
True
Let w(j) = -j - 16. Let z be w(5). Let v = z - -20. Is v*(0 + (1 - 354)) a prime number?
True
Let h be (-2)/(4 + 2)*-7041. Suppose 0 = u - 3*b - h, 4*u = -0*b - 3*b + 9448. Is u a composite number?
True
Suppose -4*l = -5*l. Suppose v + 8 = 3*p, -v - 5*p + 34 - 10 = l. Suppose -v*u = -3*u - 58. Is u composite?
True
Let r be (-4)/(-26) + 756/(-182). Is (-1016)/(-16)*r/(-2) a composite number?
False
Suppose 3*z + 336 = 9933. Is z composite?
True
Let d be (3 + -1)*11/2. Suppose -3*f - 4*h = -27 - d, -4 = 4*h. Is (-2)/(2/f*-1) composite?
True
Is (-4)/6 - (-4)/6 - -10723 prime?
True
Let d = -722 - -171. Let c = d - -1338. Is c a composite number?
False
Let d be (-8)/(-20) + (-1366)/(-10). Let m = d + -64. Is 1*(-3 + m)/2 prime?
False
Let n be (30/4)/(1/2). Suppose -3*i + n = -6*i, -5*x = 3*i - 1475. Suppose 2*a + x = 4*a. Is a prime?
True
Suppose -2*y + 876 = 224. Suppose -12 = -4*o + 4*r, 3*r + 15 = -4*o + 41. Suppose -o*g + y = -3*g. Is g a composite number?
False
Let w(h) = h**3 - 11*h**2 + 2*h - 10. Let p be w(10). Let v = 223 + p. Is v composite?
True
Suppose 6*h - 7*h = -16183. Is h prime?
True
Suppose -i = 4*z + 577, -2*z - 3*i - 136 = -z. Let h = z + 354. Is h composite?
True
Let r(b) = -2*b**3 - 37*b**2 + 34*b - 119. Is r(-36) composite?
False
Let z(o) = 388*o + 103. Is z(10) prime?
False
Suppose 15 + 36 = -3*d. Let o(j) = -23*j + 36. Is o(d) prime?
False
Let p(o) = 19 + o + 2*o + 2*o - 4*o. Is p(-12) prime?
True
Suppose 2*f = -n + 587, -2*n + 517 = -3*f - 629. Let h = -333 + n. Suppose 3*o - h = -81. Is o composite?
True
Let h(u) = -482*u**3 + 2*u**2 - u + 16. Is h(-3) a prime number?
False
Suppose -20 = 3*n + n. Let l(y) = -96*y + 65. Is l(n) composite?
True
Suppose -2*o + 39 + 1 = 0. Let b be (2 - o/15)*-9. Is 2/(-4)*(-844 - b) a prime number?
True
Suppose -4*i - 19*z = -17*z - 29246, -5*i - z = -36550. Is i a composite number?
False
Suppose s + 5*g = 2*s, -5*g = -3*s - 20. Let n = s + 14. Suppose 4*b + 5*r = 169, 2*r - 197 = -n*b - 19. Is b composite?
True
Let l be (-2 + 7)*(304/(-10))/4. Let t be 1/1 + -84 - 1. Let k = l - t. Is k a prime number?
False
Let s be ((-2)/3)/((-26)/(-663)). Let r = s - -21. Suppose 1516 